
Is 266910289 a prime number?
True
Is 47020439149 composite?
True
Is 723175759 a composite number?
True
Is 2786379301 prime?
False
Is 2488328771 prime?
True
Is 4874912377 composite?
False
Is 5487723001 composite?
True
Is 1798749541 a composite number?
True
Is 204320367971 composite?
False
Is 30948491621 composite?
True
Is 167653931 composite?
True
Is 2423315189 composite?
True
Is 92010039643 prime?
False
Is 599114518 a prime number?
False
Is 4079357381 prime?
False
Is 1010097035 a composite number?
True
Is 5400941969 a composite number?
True
Is 38880305213 composite?
True
Is 2067667523 a composite number?
False
Is 2633269843 a prime number?
False
Is 3595065517 composite?
False
Is 27278669891 composite?
True
Is 58072984031 composite?
True
Is 4251905849 a prime number?
True
Is 6411772963 composite?
True
Is 2770016243 prime?
True
Is 1779698471 a composite number?
True
Is 7619013079 a prime number?
True
Is 43724130991 prime?
False
Is 7534960087 a composite number?
True
Is 216704927 prime?
True
Is 107093638 composite?
True
Is 689703877 a prime number?
True
Is 5092326851 a prime number?
True
Is 267043093 composite?
False
Is 739181063 a composite number?
True
Is 2145864073 prime?
True
Is 43745013497 composite?
False
Is 114870359309 a prime number?
False
Is 19152173181 composite?
True
Is 868833067 composite?
False
Is 5444791481 composite?
False
Is 72567052229 composite?
True
Is 165726497 prime?
True
Is 1827632393 prime?
True
Is 36857278883 a prime number?
False
Is 390445505 composite?
True
Is 111578689877 prime?
False
Is 10911947647 a composite number?
False
Is 4784449289 a composite number?
False
Is 82669745 a prime number?
False
Is 33532442861 a prime number?
False
Is 427488221 a composite number?
False
Is 52107160321 a prime number?
False
Is 80090492921 a prime number?
True
Is 1631400643 a composite number?
False
Is 20625307037 composite?
False
Is 3811578677 a prime number?
True
Is 2750778739 composite?
False
Is 1714012841 a prime number?
True
Is 360238666461 a prime number?
False
Is 51472057919 composite?
True
Is 94176073993 composite?
True
Is 31487050009 composite?
False
Is 43932801649 prime?
False
Is 210946969 a prime number?
False
Is 13450861 composite?
False
Is 56231562503 a composite number?
False
Is 39255518189 composite?
False
Is 22931399207 a prime number?
True
Is 3726365833 a composite number?
True
Is 422921141 a composite number?
False
Is 5113571513 a composite number?
True
Is 3728924251 composite?
True
Is 1577046203 prime?
True
Is 18376372673 prime?
False
Is 2916333683 prime?
True
Is 2057975309 a prime number?
False
Is 99735829 a prime number?
False
Is 1798076281 a prime number?
False
Is 480975529 a composite number?
False
Is 18600270049 a prime number?
False
Is 8784115037 a prime number?
False
Is 9540679007 composite?
True
Is 1023816047 prime?
False
Is 119738129213 a prime number?
False
Is 127321627 a composite number?
True
Is 87168846991 prime?
False
Is 16219355323 a prime number?
False
Is 267601459 a prime number?
True
Is 8570179747 composite?
True
Is 6364783367 prime?
True
Is 4489170041 composite?
True
Is 1447021601 composite?
False
Is 2248344863 a prime number?
True
Is 779403803 a prime number?
True
Is 37292483083 composite?
False
Is 28633443919 prime?
True
Is 20813369141 a composite number?
False
Is 101778373901 composite?
False
Is 1699818231 a prime number?
False
Is 14026758181 a prime number?
True
Is 6708323 prime?
False
Is 831618161 a prime number?
False
Is 3133082003 prime?
False
Is 118740553 a prime number?
True
Is 1359063877 a composite number?
False
Is 87587046751 a composite number?
False
Is 75049881287 a prime number?
True
Is 2940870419 a prime number?
True
Is 6537661663 prime?
False
Is 3845415289 a composite number?
False
Is 2662751309 a composite number?
False
Is 15331160321 prime?
False
Is 7348014211 composite?
False
Is 909003337 a prime number?
False
Is 9046524493 composite?
True
Is 32309989009 a prime number?
False
Is 38888514781 a prime number?
False
Is 1700501213 prime?
False
Is 23737915277 prime?
True
Is 10942298657 a prime number?
True
Is 34834609 a composite number?
False
Is 406179971 composite?
False
Is 35319476327 a composite number?
False
Is 1151266763 a prime number?
False
Is 37438317127 prime?
True
Is 33357878131 prime?
False
Is 10063523438 a composite number?
True
Is 58463918179 a composite number?
True
Is 1217429207 a composite number?
True
Is 2437215689 composite?
False
Is 242866969 prime?
False
Is 31741088497 a composite number?
True
Is 28027847773 a prime number?
True
Is 440814847 composite?
True
Is 2591989607 prime?
False
Is 28276945237 a composite number?
False
Is 1979919677 composite?
False
Is 17663494465 prime?
False
Is 462263869 composite?
True
Is 2715330307 a prime number?
True
Is 783793321 a prime number?
False
Is 25795316359 a composite number?
False
Is 4084220321 prime?
False
Is 129041221 prime?
True
Is 50281486711 a composite number?
True
Is 17049508141 a prime number?
True
Is 168036853 a composite number?
False
Is 634619567 prime?
False
Is 60869960661 a prime number?
False
Is 28440432289 a composite number?
False
Is 70994327 a prime number?
False
Is 54911025913 a prime number?
True
Is 16030016399 a prime number?
False
Is 10445072671 composite?
True
Is 31760721719 prime?
False
Is 2598642751 prime?
False
Is 388413463371 prime?
False
Is 15459013201 composite?
False
Is 13455023041 a prime number?
True
Is 60655579 a prime number?
True
Is 842756459 a prime number?
False
Is 1345394213 a prime number?
False
Is 1304693537 prime?
False
Is 318065593193 composite?
False
Is 11730299837 a composite number?
False
Is 45951582073 a composite number?
True
Is 52004096761 prime?
False
Is 1475101697 a prime number?
True
Is 24178901189 prime?
True
Is 397207133 a composite number?
False
Is 43530468881 composite?
True
Is 793204177 composite?
True
Is 1087552709 prime?
True
Is 1284814682 a composite number?
True
Is 188663149 composite?
True
Is 48769695769 a prime number?
False
Is 40912573997 a prime number?
True
Is 59774693821 a composite number?
False
Is 4881520027 composite?
False
Is 37836815197 prime?
False
Is 392106161 composite?
False
Is 413157253 a composite number?
False
Is 93192291079 composite?
False
Is 19385291929 prime?
False
Is 1982667749 a prime number?
False
Is 23220765121 composite?
False
Is 6352862813 a prime number?
False
Is 386443157 composite?
True
Is 1461585155 a composite number?
True
Is 9983362577 prime?
True
Is 304413449 a composite number?
False
Is 2355239603 composite?
True
Is 19910052257 a prime number?
False
Is 1634285431 prime?
True
Is 39370243183 a prime number?
False
Is 199576099 composite?
True
Is 198558648343 a prime number?
False
Is 629907017 composite?
False
Is 152240464127 composite?
False
Is 570748742 a prime number?
False
Is 371973983 composite?
True
Is 243356915 prime?
False
Is 2650459703 a prime number?
True
Is 3475480751 a composite number?
False
Is 2911777769 a composite number?
True
Is 567813479 a composite number?
True
Is 25292753177 composite?
False
Is 2267356183 a prime number?
True
Is 10857237613 a composite number?
True
Is 105054789787 a composite number?
False
Is 2650455974 a prime number?
False
Is 152640616451 a prime number?
True
Is 9336435257 a prime number?
True
Is 691755443 composite?
True
Is 32134182673 a prime number?
False
Is 942885743 composite?
True
Is 169526070011 a composite number?
False
Is 23304368291 composite?
False
Is 1849274989 a prime number?
False
Is 14883195997 a prime number?
False
Is 962787961 a prime number?
True
Is 14117976583 a composite number?
False
Is 9095632907 a prime number?
False
Is 30147757949 a prime number?
False
Is 335227687 a prime number?
True
Is 10943942417 composite?
False
Is 13205997319 composite?
True
Is 2911322221 a prime number?
False
Is 12650580763 composite?
True
Is 509084483 a prime number?
False
Is 1302163547 a composite number?
False
Is 2116470103 prime?
False
Is 872130239 a composite number?
False
Is 2194746659 a composite number?
True
Is 12031184029 composite?
False
Is 4936894289 prime?
True
Is 102999833 a composite number?
False
Is 13523048183 a prime number?
True
Is 45693508013 a prime number?
True
Is 6127862047 a prime number?
True
Is 2374304395 a composite number?
True
Is 3184404217 composite?
False
Is 2032949